+ 4*a - 35 = g, -4*a = 5*g - p. Calculate the remainder when 55 is divided by a.
6
Let m = -131 + 38. Calculate the remainder when (m/6)/((-1)/2) is divided by 12.
7
Suppose l = -4*c - c + 150, 5*c - l = 150. Suppose w + 7 = -5*o, 40 + 15 = 5*w - 5*o. What is the remainder when c is divided by w?
6
Suppose -270 = -5*b - 5*y, -4*b = -8*b + y + 211. What is the remainder when b is divided by (44/12)/(1/3)?
9
Suppose -9*g + 384 = -g. Calculate the remainder when g is divided by 29.
19
Suppose -2*g - 81 = 2*s - 287, -5*s + 5*g + 495 = 0. Let u be (s/3)/((-1)/9). Let t = -181 - u. Calculate the remainder when t is divided by 31.
29
Let z = 127 - 119. What is the remainder when 34 is divided by z?
2
Let j(q) = -q - 5. Let x = 22 + -19. Calculate the remainder when -2*(x/2 + -3) is divided by j(-6).
0
Suppose -4968 = -37*p - 32*p. Calculate the remainder when 212 is divided by p.
68
Let v = -16 - -20. Suppose 8*r = v*r + 80. Let q = r + 23. What is the remainder when q is divided by 11?
10
Let q = 67 - -351. Suppose -9*v = 157 - q. Calculate the remainder when v is divided by 17.
12
Let x be (-9 + 11)/((-1)/(-4)). What is the remainder when 43 - (-3)/(-6)*x is divided by 5?
4
Let a = 1942 - 1877. Calculate the remainder when 713 is divided by a.
63
Suppose -s + o = -6*s + 919, -386 = -2*s - 5*o. What is the remainder when s is divided by 42?
15
Let a = 54 + -28. Calculate the remainder when 84 is divided by a.
6
Suppose -f + 4*l - 54 = -3*f, 4*f + l - 136 = 0. Let k = 40 - f. Suppose t - k*t + 24 = 0. What is the remainder when 9 is divided by t?
3
Let c(d) = d**3 + 2*d + 20. Calculate the remainder when 117 is divided by c(0).
17
Suppose 0 = 6*d + 112 - 394. Calculate the remainder when 130 is divided by d.
36
Let t(q) = q**3 + 7*q**2 + 6*q + 6. Let a be t(-7). Let x(k) = k**2 - 8*k - 1. What is the remainder when (-1340)/a - 2/9 is divided by x(9)?
5
Let y be ((-20)/(-15))/((-5)/(-15)). Calculate the remainder when 30 is divided by -5 + 133/15 + y/30.
2
Suppose -4*c + 844 + 236 = 0. Let v = c - 184. What is the remainder when v is divided by 22?
20
Let a(f) = 7*f**2 - 16*f + 85. What is the remainder when a(5) is divided by 61?
58
What is the remainder when 35 is divided by (-2)/14 - (-2538)/126?
15
Let u = 13 - 15. Let y be ((-6)/(-9))/(u/(-66)). Let o = y - 2. What is the remainder when o is divided by 11?
9
Let s = 104 + 426. What is the remainder when s is divided by 38?
36
Suppose 28 = 6*s - 2*s. Let m(i) = -i**2 + 11*i - 24. Calculate the remainder when 13 is divided by m(s).
1
Let m(g) = -7*g**3 - 2*g**2 - 10*g - 11. Calculate the remainder when 340 is divided by m(-2).
55
Suppose -4*l - 16 = -224. Let u(a) = 9*a**2 + 6*a + 3. What is the remainder when u(5) is divided by l?
50
Let z(w) = w**2 - 17*w - 44. Let a be z(18). Let k = -21 - a. What is the remainder when 11 is divided by k?
1
Suppose -33 = -3*y + 3. What is the remainder when y is divided by 22/8 + (-2)/(-8)?
0
Suppose c = -2*c + 12. Let a = 5 + c. Suppose -22 = -s + a. What is the remainder when 121 is divided by s?
28
Let a(n) = 6*n + 2*n**2 + n**2 + 5*n**2 - 7*n**2. What is the remainder when 25 is divided by a(-7)?
4
Let m = 99 - 97. Let q(h) = 11*h + 3 - 7 - 2*h. Calculate the remainder when 40 is divided by q(m).
12
Let h(t) = t**3 + 6*t**2 - 4*t + 6. Let v = 16 - 47. Let l = 49 + v. What is the remainder when h(-5) is divided by l?
15
Let k = -15 - 0. Let p(l) = -l**2 - 17*l - 28. Calculate the remainder when p(k) is divided by (6/(-15))/(2/(-10)).
0
Calculate the remainder when 182 is divided by -49*11/(308/(-24)).
14
Suppose p - 58 = -5*a + 62, 72 = 4*a - 4*p. Let o = 34 - a. Calculate the remainder when 6/12*8 + 50 is divided by o.
10
Suppose 225 = -11*a + 26*a. Calculate the remainder when 173 is divided by a.
8
Let s(d) = 7*d - 62. Let x be s(13). Let t(o) = o**3 - 30*o**2 + 31*o - 9. What is the remainder when t(x) is divided by 26?
23
Suppose 2*o + 4*x - 3 = 5*x, -5*x + 21 = 2*o. Suppose -o*m = -5*y - 24, 4*m - y = -0*m + 15. Calculate the remainder when (75/(-9))/(m/(-9)) is divided by 7.
4
Let l(j) = 9*j - 5. Let u(v) = 8*v - 4. Let h(c) = 4*l(c) - 5*u(c). Let k be h(7). Let i = 18 - k. Calculate the remainder when i is divided by 12.
10
Let z(g) = 2*g**2 + 14*g + 14. Calculate the remainder when z(-9) is divided by 12.
2
Suppose 4*k - 5 = -17. Let b(y) = 20*y + 10. Let m be b(k). Let i = 15 - m. What is the remainder when i is divided by 17?
14
What is the remainder when 25 + -10 + 0 + 3 is divided by 6?
0
Suppose 5*g = -3*p + 246, 0*p - 4*p - 165 = -3*g. What is the remainder when g is divided by 20?
11
Let v = -10 + 6. Let x be 808/(-32) - 1/v. Let r = x - -35. Calculate the remainder when r is divided by 4.
2
Suppose -197018 = -105*p - 47078. Calculate the remainder when p is divided by 22.
20
Let d = 159 - 142. Suppose 4*s - 182 = 2*c, c - 238 = 4*s - 9*s. Calculate the remainder when s is divided by d.
13
Let n(a) = -18 + 12 - 35*a + 5. Let i be n(-1). Let k = 61 - i. Calculate the remainder when k is divided by 14.
13
Let j(w) = -w. Let g be j(1). Let i = 1 + g. Suppose 4*q - 2*m - 12 = i, -9 = -8*q + 3*q + 4*m. What is the remainder when q is divided by 3?
2
Let g be (4/(-8))/(1/226). Let p(j) = 7*j**2 + 16*j + 19. Let c be p(-6). Let m = g + c. Calculate the remainder when m is divided by 16.
14
Let z(i) = i + 12. Let h be z(-9). Let b = 18 - 1. What is the remainder when (-542)/(-8) + h/(-4) is divided by b?
16
Let u(m) = -m**3 - 13*m**2 + 11*m - 24. What is the remainder when u(-14) is divided by 18?
0
Let z = 624 - 533. What is the remainder when 270 is divided by z?
88
Let w = 75 - 53. What is the remainder when 1 - (3 - -1 - 43) is divided by w?
18
Let n(q) = -9*q - 8. Let l be -4 + ((-2)/1)/(-2). What is the remainder when 72 is divided by n(l)?
15
Suppose -39*m = -10*m - 783. What is the remainder when m is divided by 9?
0
Suppose 5*k - 41 - 143 = 3*j, -k = -3*j - 32. What is the remainder when k is divided by 10?
8
Let b(u) be the first derivative of -3*u**2/2 - 8*u - 9. Calculate the remainder when b(-7) is divided by 10.
3
Suppose 0 = -3*d + 10*d - 63. Calculate the remainder when 19 is divided by d.
1
Suppose 50*z - 58*z = -24. What is the remainder when 17 is divided by z?
2
Let a = -18 + 25. Let y = 21 - a. Suppose 84 = 2*j - 52. Calculate the remainder when j is divided by y.
12
Suppose r + 3*q - 31 = 0, r - 1 - 35 = -4*q. What is the remainder when (46 - -6) + 5 + 0 is divided by r?
9
Let c be (4/(-6))/((-2)/9). Calculate the remainder when 25 is divided by 2 + 9 + 9/c.
11
Let o be (-2)/(-3) - 7/(-84)*-8. Suppose -4*f - 2*d - 70 = -9*f, o = -4*f + 3*d + 63. Calculate the remainder when 58 is divided by f.
10
Suppose -5*d + 2*g + 44 = 0, 26 = 4*d + 3*g - 0. What is the remainder when 48 is divided by d?
0
Calculate the remainder when 106 is divided by 120/10 + 1 + -4 + 2.
7
Suppose 96*z - 64*z = 2112. Calculate the remainder when 100 is divided by z.
34
Suppose 5*p - v - 1649 = -0*p, 4*v - 1300 = -4*p. What is the remainder when p is divided by 48?
41
Let m be 0/2*(-7 - -8). Suppose m = 7*v - 5*v - 76. Calculate the remainder when v is divided by 8.
6
Let t(j) = j**3 + 4*j**2 - 15*j - 47. What is the remainder when 340 is divided by t(-3)?
4
Let m be 2 - ((-20)/15)/((-2)/(-18)). Suppose -13 - 51 = -2*w. Calculate the remainder when w is divided by 150/m + (-4)/28*-2.
10
Calculate the remainder when 109 is divided by (-3)/4*2/(-6)*248.
47
Let n = -659 + 704. Calculate the remainder when 130 is divided by n.
40
Let t = 1971 - 1452. What is the remainder when t is divided by 4?
3
Suppose -12 = -8*k + 5*k. Suppose n - 5*n - 4*s = -80, -77 = -k*n - s. What is the remainder when 74 is divided by n?
17
Let h(y) = 6*y + 5. Let d(i) = -6*i - 5. Let n(b) = -5*d(b) - 4*h(b). Let c(g) = -g**2 + 33*g + 49. What is the remainder when n(4) is divided by c(34)?
14
Suppose 192 = 7*r - 144. Calculate the remainder when r is divided by 18.
12
Let y = 227 + -184. Let w = -22 + 31. Suppose p - 2 = w. Calculate the remainder when y is divided by p.
10
Let p(c) be the second derivative of c**3/3 + 23*c**2/2 + 15*c. Calculate the remainder when 30 is divided by p(-6).
8
Suppose c - 6*c - 39 = -j, 3*c = 6. Suppose 15*p = 14*p + 2. Suppose -54 = -3*b + 5*k, -2*b 